*2 - 2*w - 9. Let u be l(8). Let y(t) = -t**3 - 6*t**2 - 6*t - 5. Let o be y(-4). Let f = u + o. Calculate the remainder when f is divided by 9.
8
Suppose k + 7*b - 45 = 4*b, 4*k + 4*b = 148. Calculate the remainder when 60 is divided by k.
27
Let r be (-10)/1*1/(-2). Suppose r*g - c = g + 15, 20 = 3*g + c. Suppose -g*j + 22 = -3*j. Calculate the remainder when 21 is divided by j.
10
Let b = 33 + -11. Let x = 52 - b. Suppose x = 5*z - 5*f, 4*z - 39 = 4*f - 3*f. Calculate the remainder when 21 is divided by z.
10
Let m(b) = -b - 2*b - 14*b. Let c(a) = a**2 + 17*a + 36. What is the remainder when m(-1) is divided by c(-15)?
5
Suppose 0*p + 30 = 3*p. What is the remainder when 47 is divided by 104/p - (-22)/(-55)?
7
Let h = 48 + -16. What is the remainder when h is divided by 17?
15
Let v = -9 + 15. Let l = v + -3. Suppose 35 = 5*a - 3*n, 0 = l*a - 2*a + 5*n - 35. What is the remainder when a is divided by 4?
2
Let b(t) = t + 8. Let s be b(-6). Suppose g + s = -0*g. Calculate the remainder when 29 is divided by 63/6 - (-1)/g.
9
Suppose 2*i = -2*g + 34, -3*g - 7 = -2*g - 5*i. Calculate the remainder when g is divided by ((-5)/(-10))/(-1)*-14.
6
Calculate the remainder when 1608/60*(-10)/(-4) is divided by 1/3 + 136/6.
21
Let n be 1 - 1*(0 - 1). Suppose -3*d + 8 + 22 = 0. What is the remainder when (0 - n)/((-2)/29) is divided by d?
9
Let p = -2 - -2. Let y(a) = 2*a**2 + 3*a + 1. Let j be y(-2). Suppose j*h = -p*h + 75. Calculate the remainder when h is divided by 9.
7
Let x = 8 - -7. Suppose 3*c - 8*c - x = 0, 2*g + 2*c = 56. Let l(y) = -15*y - 14. Calculate the remainder when g is divided by l(-2).
15
Let v(l) = 2*l - 3. Calculate the remainder when 17 is divided by v(5).
3
Calculate the remainder when (-2)/(6/10 - 88/80) is divided by (-2)/(-2 - 3/(-2)).
0
Let c = 6 - 2. Calculate the remainder when (-4)/14 - (-153)/21 is divided by c.
3
Let w(a) = a**2 - 10*a + 8. Let l be w(8). Let u = l - -11. Calculate the remainder when 5 is divided by u.
2
Let x(c) = -2*c - 6. Let z be x(-4). Let r(u) = 0*u + 6*u**z - 3*u**2 - 4 - u. Calculate the remainder when r(-3) is divided by 14.
12
Let w(n) = 6*n + 2. Let c be w(1). Suppose i + c = 3*i. Calculate the remainder when 9 is divided by i.
1
Let i(s) = 2*s**2 + 7*s + 4. Suppose -4*k = k - 15. Suppose -4*a - 5*u + 82 = 0, k*a = 3*u + 33 + 42. What is the remainder when a is divided by i(-4)?
7
Let s = 32 - 17. Calculate the remainder when 57 is divided by s.
12
Suppose -2*c + s = -100 - 4, -c + 30 = 5*s. Calculate the remainder when c is divided by 13.
11
Suppose 4*o = -2*i + 46, 6*i - 3*o - 50 = i. Calculate the remainder when 33 is divided by i.
7
Suppose v - 2 = 0, v = -w - 2 + 8. Calculate the remainder when w is divided by 2.
0
Let r(w) = w**2 + 13*w - 7. What is the remainder when (-58)/(-3) - 4/(-6) is divided by r(-14)?
6
Suppose 5*a + 68 = 238. What is the remainder when a is divided by 9?
7
Let b = 34 - 14. Let f = 20 - 13. Calculate the remainder when b is divided by f.
6
Let t(o) = 4*o - 12. Let d be t(8). Let n = d + -9. Suppose 2*q - 1 = 11. What is the remainder when n is divided by q?
5
Let f(l) = l**3 - 7*l**2 - 4*l + 7. Let u be f(8). Suppose 0*c + c = u. Calculate the remainder when c is divided by 20.
19
Suppose 0 = 4*g - 3*g - 25. What is the remainder when 99 is divided by g?
24
Let b(j) = -4*j + 1. Let g(x) = 20*x**2 + 4*x + 2. Calculate the remainder when g(-2) is divided by b(-6).
24
Suppose -3*j - 12 = -7*j. Calculate the remainder when 6 is divided by j.
0
Let b = 111 - 95. Calculate the remainder when 127 is divided by b.
15
Let u(x) = 20*x**2 + 1. What is the remainder when 81 is divided by u(-1)?
18
Let d = 61 - 32. Suppose 4*y = -4*x + 20, 0*y - 13 = -3*y - 2*x. Suppose -23 = -y*s + 7. Calculate the remainder when d is divided by s.
9
Let l(y) = -y**2 + 7*y + 2. Let p be l(5). Suppose 3*a = p, -5*a + 50 = 5*i - 0*a. Calculate the remainder when 9 is divided by i.
3
What is the remainder when 12 is divided by (9/6)/((-6)/(-20))?
2
Let l be (-3 + 0 + 1)*1. Let g = 174 + -151. What is the remainder when (-33)/(l/(16/6)) is divided by g?
21
Suppose o - 1 = -3. Let f be o/(4/2) + -29. What is the remainder when ((-10)/6)/(1/f) is divided by 17?
16
Suppose -4*x - 2*z + 361 = 37, 4*x = 2*z + 340. Suppose -2*f - 17 = -59. Calculate the remainder when x is divided by f.
20
Let f be 1*-14*9/(-2). Let b = f + -25. Calculate the remainder when b is divided by 13.
12
Suppose 2*y = -i + 72, -6 = 2*i - 2. Calculate the remainder when 72 is divided by y.
35
Suppose -y - c = -2 - 15, 47 = 3*y + c. Calculate the remainder when 42 is divided by y.
12
Suppose 4*t - 130 = 202. Calculate the remainder when t is divided by 22.
17
Let n(i) = i**2 - 7. Let o be 1/1 - (2 + 3). Let x be (-4)/(-5)*30/o. Calculate the remainder when n(x) is divided by 10.
9
Suppose -3*a - g - 80 = -8*a, 3*a - 4*g = 48. What is the remainder when 30 is divided by a?
14
Suppose 0 = -41*y + 45*y - 44. Let b(u) = 2*u**3 - 2*u**2 - 2*u + 1. Calculate the remainder when b(3) is divided by y.
9
Suppose -15 = -5*t + 20. Let f(m) = m**3 + 3*m**2 - 3*m - 4. Calculate the remainder when t is divided by f(-3).
2
Suppose 2*p + p = 4*r - 57, 3*p = -5*r + 51. Suppose k = -3*y + 5 + 1, -4*y = 2*k - r. Calculate the remainder when 27 is divided by k.
3
Let r(q) = -2*q + 4. Let w be r(-5). Suppose 4*u + 8 + 8 = 0. Let p = w + u. Calculate the remainder when p is divided by 6.
4
What is the remainder when 4*2 + (-1 - 1) is divided by 4/18 + (-238)/(-63)?
2
Let h(z) be the third derivative of -1/4*z**4 - 1/6*z**3 + 2*z**2 + 0*z - 1/60*z**5 + 0. What is the remainder when 10 is divided by h(-5)?
2
Let d = -24 + 32. Calculate the remainder when 28 is divided by d.
4
Let h(k) = 14*k - 2. Let i be h(-4). Let d = i + 100. Let t = -56 - -67. Calculate the remainder when d is divided by t.
9
Let r(h) = h + 5. Let y(v) = -4*v - 26. Suppose 3*x = -0*x + 9. Let c(q) = x*y(q) + 14*r(q). Calculate the remainder when 17 is divided by c(7).
5
Let f = 12 + 24. What is the remainder when 106 is divided by f?
34
Let p = 4 + -13. Let a(h) = h**3 + 5*h**2 - 7*h + 5. Calculate the remainder when a(-6) is divided by (p/(-15))/(1/10).
5
Suppose 10*p - 546 = -4*c + 5*p, 5*c - 666 = 2*p. Let x = -85 + c. What is the remainder when x - (-2)/(-2)*0 is divided by 17?
15
What is the remainder when 162/(-4)*(-12)/18 is divided by 11?
5
Suppose -18 = 3*s + 3*o, -2*s + 0*s - 5*o - 24 = 0. Calculate the remainder when (s/(-4))/(1/70) is divided by 12.
11
Let o(h) = -4*h - 3. Let i(j) be the first derivative of j**3/3 - 6*j**2 + 12*j - 4. Let t be i(10). What is the remainder when o(t) is divided by 8?
5
Let l(c) = 3*c**3 - 4*c**2 + 4*c - 2. Let b be (2 - 1) + 1/1. Let x(g) = g**3 - 6*g**2 + 7*g - 15. What is the remainder when x(6) is divided by l(b)?
13
Let o be (1 - 1)*1 - 3. Let t be (0 + 2 + o)*-7. Suppose -2 = -3*y + t. What is the remainder when 8 is divided by y?
2
Let h = -7 + 10. What is the remainder when h/(-12)*-10*26 is divided by 22?
21
Let m = 6 + -3. Let y = 76 + -38. Suppose -w + 3*s = -y, -m*w + 54 = -w + 5*s. Calculate the remainder when w is divided by 11.
10
Let c = 53 - 36. What is the remainder when 64 is divided by c?
13
Let r(z) = -6*z**2 - 3*z + 1. Let o(a) = a**2 + a - 1. Let c(g) = -4*o(g) - r(g). Calculate the remainder when c(4) is divided by 16.
15
What is the remainder when 39 is divided by ((-56)/10)/(20/(-50))?
11
Let d = -3 - 1. Let m = 135 + -83. What is the remainder when m is divided by (-6)/d*12/1?
16
Suppose 5*j + 131 = 31. Let z = j + 47. What is the remainder when 105 is divided by z?
24
Suppose 5*q - 5*x - 83 = -13, 4*x + 45 = 3*q. Let l(v) = -3*v - 4. Let o be l(9). Let g = -10 - o. Calculate the remainder when g is divided by q.
10
Suppose 14 = 2*o - 10. Calculate the remainder when (69/6)/(1/4) is divided by o.
10
Let g = 50 + -17. Calculate the remainder when 63 is divided by g.
30
Let a = 8 - -5. Let u be 2*(6/4)/(-3). Let n = u - -6. What is the remainder when a is divided by n?
3
Let z = -120 - -124. What is the remainder when 43 is divided by z?
3
Let g(v) = -v**2 - 8*v - 2. Suppose 27 = 3*m + 3*u, -17 = -2*m + 2*u + 9. What is the remainder when m is divided by g(-7)?
1
What is the remainder when 52 is divided by 10